0?
-1642
In base 6, what is 1134 + 10323?
11501
In base 12, what is -9b08 - -3?
-9b05
In base 9, what is 10 - -164307?
164317
In base 9, what is 246424 + 2?
246426
In base 14, what is 29c - 149?
153
In base 7, what is -4 + -15364?
-15401
In base 11, what is 9229 - 0?
9229
In base 6, what is 0 + -203543?
-203543
In base 3, what is 0 - 10121012?
-10121012
In base 5, what is 44 - 1140341?
-1140242
In base 10, what is -237 + -1726?
-1963
In base 16, what is 3 - -713?
716
In base 12, what is 1b - 157?
-138
In base 16, what is -6 - 2a4d5?
-2a4db
In base 3, what is -1101122222101 + -11?
-1101122222112
In base 16, what is -1a9 + 48d?
2e4
In base 16, what is 3 + -521e?
-521b
In base 8, what is 263361 - -1?
263362
In base 7, what is 64 + 534650?
535044
In base 6, what is -322355 + 1?
-322354
In base 9, what is -2087 + -122?
-2220
In base 13, what is 3 + -5291a?
-52917
In base 10, what is -7 + 4581?
4574
In base 12, what is -5 - 22802?
-22807
In base 11, what is 10a104 - -1?
10a105
In base 16, what is b + -617?
-60c
In base 8, what is 5517 - 56?
5441
In base 7, what is 4060 - 1243?
2514
In base 8, what is -10 - -3132?
3122
In base 3, what is 2 + 102111012120?
102111012122
In base 16, what is f4 - -33?
127
In base 13, what is -20cb0c + -3?
-20cb12
In base 9, what is 2335304 - -4?
2335308
In base 8, what is 4 - -21225?
21231
In base 4, what is 0 + 200332011?
200332011
In base 10, what is -138453 - 0?
-138453
In base 15, what is -302a - 9?
-3034
In base 6, what is -41 - -2120153?
2120112
In base 6, what is -1 - -3213224?
3213223
In base 14, what is 8d - 7516?
-7467
In base 5, what is 2240 - -2203?
4443
In base 15, what is 13648 - -14?
1365c
In base 16, what is -5 - 1aca?
-1acf
In base 2, what is 100111 - -101110?
1010101
In base 9, what is 27 - -560?
587
In base 11, what is 4 - 37962?
-37959
In base 4, what is 1013 - -232233?
233312
In base 10, what is 2 + 7126?
7128
In base 13, what is 30 + 1341?
1371
In base 4, what is -11332 - 21?
-12013
In base 11, what is -32a - 5759?
-5a88
In base 6, what is 122241 + -4?
122233
In base 16, what is 24 - -3da?
3fe
In base 9, what is -18830 - 13?
-18843
In base 6, what is -2 - -33340?
33334
In base 2, what is -1010011110011110 + -11?
-1010011110100001
In base 5, what is -4 - -20134211?
20134202
In base 5, what is 314204 + -10?
314144
In base 3, what is 101102121112 - -12?
101102121201
In base 13, what is -312a8 - 3?
-312ab
In base 4, what is -31 - 2131203?
-2131300
In base 9, what is 2 - -12157?
12160
In base 5, what is -1 - -232020?
232014
In base 14, what is 21b9 + 30?
2209
In base 6, what is -1010440 - 0?
-1010440
In base 14, what is c - 9638?
-962a
In base 14, what is -7325cb + -3?
-7325d0
In base 6, what is -14321 + -21?
-14342
In base 6, what is 12 - 1052114?
-1052102
In base 15, what is -5 + -1040bb?
-1040c1
In base 8, what is 21 + 523105?
523126
In base 14, what is -1a508b + 4?
-1a5087
In base 9, what is -531715 - 2?
-531717
In base 11, what is 15a - 12?
148
In base 12, what is 228 + -73?
175
In base 11, what is -804151 - -3?
-804149
In base 3, what is -11222212211 + -10?
-11222212221
In base 12, what is 5 - -49b2b?
49b34
In base 13, what is 710618 + 5?
710620
In base 7, what is 16 + -5100?
-5051
In base 13, what is 2 - cb348?
-cb346
In base 16, what is -8 + 8a33?
8a2b
In base 5, what is 20031 - -1242?
21323
In base 14, what is 2 + 7bb?
7bd
In base 4, what is 1031 + 100201?
101232
In base 14, what is a + 1036b?
10377
In base 13, what is -69a0c + 8?
-69a04
In base 12, what is 2 + 42aa6a?
42aa70
In base 2, what is 10101011001101 - 101?
10101011001000
In base 3, what is 1200102221 - 20?
1200102201
In base 2, what is 11111000111 + 11?
11111001010
In base 12, what is -2 + 1894?
1892
In base 11, what is -135878 + 0?
-135878
In base 6, what is -35 + 15511?
15432
In base 8, what is 3660 + 6?
3666
In base 9, what is -31 + 7461?
7430
In base 10, what is 199391 - -9?
199400
In base 4, what is 22122 + -201?
21321
In base 4, what is 13013112 + 2?
13013120
In base 2, what is 1101001 + -1100000?
1001
In base 11, what is -340 + 3?
-338
In base 12, what is -21174 + 5?
-2116b
In base 6, what is -1004 - -140003?
134555
In base 6, what is 23 - -4552?
5015
In base 3, what is 100201 + -11111?
12020
In base 12, what is -17b5 - -31?
-1784
In base 5, what is -13230024 + 4?
-13230020
In base 10, what is -41499 + -4?
-41503
In base 2, what is 10100001000111 + 0?
10100001000111
In base 14, what is -1 + -1a788?
-1a789
In base 5, what is 100313 + -1324?
43434
In base 6, what is -2 - -45535?
45533
In base 16, what is 3b + -35f0?
-35b5
In base 10, what is -50177 - -2?
-50175
In base 10, what is 2 + 10956?
10958
In base 6, what is -3 - -15242101?
15242054
In base 6, what is -10 - 13312222?
-13312232
In base 14, what is 2c3 - -14b?
430
In base 7, what is -542 - -1102?
230
In base 4, what is -10130012 - 101?
-10130113
In base 5, what is -112011 + -2?
-112013
In base 6, what is 4 + -414321?
-414313
In base 13, what is 247 + -337?
-c0
In base 16, what is -9a1 + 3c?
-965
In base 13, what is -2 + -35202?
-35204
In base 5, what is -331101 + -10?
-331111
In base 13, what is -1368bb - -2?
-1368b9
In base 11, what is -93 + -1a28?
-2010
In base 6, what is 4141 - 2155?
1542
In base 9, what is 44 - 27521?
-27466
In base 3, what is 21000220222 + 1?
21000221000
In base 8, what is 242 + -440?
-176
In base 9, what is -5620 - 46?
-5666
In base 8, what is 13300 + 5?
13305
In base 3, what is 201 + -100021?
-22120
In base 6, what is -253103 + 231?
-252432
In base 13, what is -89 + -1295?
-1351
In base 16, what is -5 - 5515?
-551a
In base 15, what is 67 - 4c?
1a
In base 11, what is 11 + -1163?
-1152
In base 12, what is -10 + -4a37?
-4a47
In base 16, what is 310 + -10b?
205
In base 11, what is 81056 + 1?
81057
In base 14, what is 8c7d - 1?
8c7c
In base 15, what is -4 + 5c5c?
5c58
In base 8, what is -4004 + 106?
-3676
In base 13, what is 14a + -799?
-64c
In base 2, what is 1011101001101000100 - -101?
1011101001101001001
In base 7, what is 11345 + -66?
11246
In base 10, what is 523 - -287?
810
In base 8, what is -100 + 751?
651
In base 2, what is -10 - -111111000000001?
111110111111111
In base 8, what is 744 - -1647?
2613
In base 4, what is 1002223212 + -2?
1002223210
In base 16, what is d1b7 + -4?
d1b3
In base 15, what is -15c - -d5?
-77
In base 13, what is 181 + -193?
-12
In base 6, what is -44 + -2334?
-2422
In base 9, what is -2 - -167470?
167467
In base 5, what is 2031 + -343?
1133
In base 11, what is 2452 - 3?
244a
In base 16, what is a4 + -f?
95
In base 4, what is -31101 + -10010?
-101111
In base 12, what is -a8a - 39?
-b07
In base 10, what is 422276 + -4?
422272
In base 11, what is 23 + -7a24?
-7a01
In base 8, what is -4 + -563041?
-563045
In base 9, what is 3 - 48518?
-48515
In base 16, what is 3f8 - a2?
356
In base 7, what is -2513 - -1154?
-1326
In base 14, what is a7 - -373?
43a
In base 5, what is 43113 - -242?
43410
In base 15, what is -d - -20c03?
20be5
In base 9, what is -862 - -7?
-854
In base 11, what is 31a5 + -5?
31a0
In base 7, what is 166065 - -2?
166100
In base 8, what is -1507642 - -5?
-1507635
In base 14, what is 9 - -20a6?
20b1
In base 4, what is 212 + 23?
301
In base 11, what is 18aa + -2?
18a8
In base 13, what is -167 - 12?
-179
In base 7, what is 435 - -116?
554
In base 6, what is 55114 - -110?
55224
In base 16, what is -66 + 2a5d?
29f7
In base 9, what is -138 - -1233?
1084
In base 2, what is -1001 + 101111010001?
101111001000
In base 3, what is 0 + -1022100101121?
-1022100101121
In base 14, what is -a9 - 28?
-d3
In base 12, what is -77a80 - -5?
-77a77
In base 16, what is 48f6 + 1e?
4914
In base 11, what is 169 + 252?
410
In base 13, what is -201 - 231?
-432
In base 7, what is 4 - -1034623?
1034630
In base 5, what is -10 - 4412?
-4422
In base 10, what is -5902 - -2?
-5900
In base 13, what is 3cb45 + 1?
3cb46
In base 4, what is -3 + -120332?
-121001
In base 12, what is 2813b - -3?
28142
In base 9, what is 735415 - -4?
735420
In base 6, what is -20451302 - 4?
-20451310
In base 12, what is -7782 + 5?
-7779
In base 8, what is 1444 - 112?
1332
In base 4, what is -1331 + 213002?
211011
In base 8, what is 13 + 11536?
11551
In base 15, what is -116 - -399?
283
In base 13, what is -2b36 - 5?
-2b3b
In base 13, what is -7889 + -5?
-7891
In base 8, 